 = 37832 + -22392. What is the highest common divisor of 80 and l?
80
Let h = -512 + 946. Let r = h + -364. Let j be (-1*2 - -1) + 29. What is the greatest common divisor of r and j?
14
Suppose -11*t - 256 = -27*t. Suppose -y + 12 = -0*p + 3*p, 5*y = -5*p + 30. Suppose 4 = -y*f + 28. What is the greatest common divisor of t and f?
8
Let r(b) = -b**3 + 7*b**2 - b + 23. Let u be r(6). Suppose 3*z + 42 = s, -2*z + 15 = 2*s - 93. Let o = u - s. What is the highest common factor of 8 and o?
2
Let y be (21 + 3/(-1))/2. Let c = 182 + -137. Suppose y*n - 54 - c = 0. Calculate the highest common divisor of 33 and n.
11
Let d be 1224 + (-26)/(-130)*130. What is the greatest common divisor of 400 and d?
50
Let z(o) = 27*o**2 - 25*o + 245. Let v be z(15). Calculate the highest common factor of 145 and v.
145
Let c = 416776 - 416748. Let g be -1 - (0/(-2) + -225). Calculate the highest common factor of g and c.
28
Let z be (28/3*(-609399)/(-476))/(6/4). What is the greatest common divisor of z and 14?
14
Suppose 0 = 5*v - 4*x - 385 - 317, -x - 693 = -5*v. Let z = v + -24. Calculate the highest common divisor of 285 and z.
57
Let i(z) = 275*z + 14910. Let j be i(-14). Calculate the highest common factor of j and 4.
4
Let x(w) = -w**2 - 22*w - 10. Let h be x(-24). Let v = 63 + h. Suppose i - 3*u - 149 = 0, -79 = i - v*u - 220. What is the greatest common divisor of i and 23?
23
Let v(g) = g**2 + 34 - 41*g + 14*g + 9*g + 4*g. Let h(p) = -5*p + 2. Let r be h(-2). Let f be v(r). What is the greatest common divisor of f and 25?
5
Let x = 226 - 217. Suppose z = 12 - x. Calculate the greatest common divisor of 27 and z.
3
Suppose 0 = -70*h + 74*h + 392. Let f = h + 307. Suppose -9*g = -f - 304. Calculate the highest common factor of g and 19.
19
Suppose -3*b + 4*c + 61 = 0, 4*b + 5*c = -174801 + 174779. Let p be 2*(-2 + 515/2). Calculate the greatest common factor of b and p.
7
Let k(c) = 9*c**2 + 393*c + 2846. Let z be k(-7). Suppose 2*t - 13 = 3. What is the greatest common divisor of z and t?
8
Let r be 3801*(-1)/(-3) - -1*6. Calculate the greatest common factor of 19 and r.
19
Suppose 2*o + 103 = 695. Suppose -8*t + 106*t - 1536 = -94*t. Calculate the highest common factor of o and t.
8
Let i = -87 - -89. Let p be (-47)/(-47) - i*-6. Calculate the greatest common factor of 611 and p.
13
Suppose 0 = 5*p - 591 - 1329. Let c be (-3 + 2 - 0)/(5/(-120)). Calculate the greatest common divisor of p and c.
24
Suppose 59*d = 110*d - 106*d + 2200. Let f = 452 + -312. What is the highest common factor of d and f?
20
Suppose 3*w - 1599 = 41*l - 38*l, 2*w - 5*l - 1063 = 0. What is the greatest common factor of w and 12?
6
Let q be (-6)/(-5)*5/2. Suppose 0*l = q*l - 21. Let i(y) = y**3 - 15*y**2 + 70*y - 123. Let o be i(10). Calculate the greatest common divisor of o and l.
7
Suppose -4*p + 12 + 0 = 0. Suppose p*g = -2*g - 430. Let x = -16 - g. Calculate the greatest common divisor of x and 10.
10
Suppose 30*d - 2*a = 29*d + 1706, 4*d = -a + 6779. Suppose -d = -35*o + 3*o. Calculate the greatest common divisor of o and 212.
53
Let y(r) = -r**3 + 19*r**2 + 17*r + 63. Let w be y(20). Suppose -3*c + c + u = -155, -2*u - 235 = -w*c. Calculate the greatest common factor of c and 15.
15
Let y be (14/(-196)*-21)/(1/2). Let x be 10/y*(-8748)/(-180). Calculate the highest common factor of x and 18.
18
Let b be (-36)/(-54) - (16/(-6))/(-4). Suppose b = -27*m + 17*m + 40. Let o = 63 - 19. Calculate the greatest common divisor of o and m.
4
Suppose 2880 = -8328*s + 8346*s. Calculate the greatest common factor of s and 5680.
80
Suppose 4*f - 3*p - 232 = 0, 0 = f + 3*p - 0*p - 58. Let x = f + 47. Calculate the greatest common divisor of 140 and x.
35
Suppose 4*i + 23 = -l + 69, 3*i + 138 = 3*l. Calculate the highest common factor of 1909 and l.
23
Suppose 3*u - 101 = -x, x + 2 + 2 = 0. Let f be (10/u)/(-1) + (-4)/(-14). Suppose f = -2*k + 28 + 22. Calculate the highest common divisor of k and 150.
25
Let t(p) = -p**3 - 12*p**2 + 13*p + 11. Let i = -5 + -8. Let n be t(i). Suppose -2*l = n*l - 78. What is the highest common divisor of 18 and l?
6
Suppose 0 = 13*q - 12*q - 3. Suppose -q - 117 = -6*v. Let l(o) = o - 12. Let k be l(v). What is the highest common divisor of 88 and k?
8
Let p = 288 - 163. Let l = -159 + 279. Let s = l + -95. What is the highest common factor of p and s?
25
Suppose -4*z + 10 = 26. Let i be (-138)/z - (9 + 34/(-4)). What is the greatest common factor of i and 272?
34
Suppose 5*y - 30 - 38 = -2*b, 3*y - 3*b = 24. Suppose 4*g + 0*t - 100 = -t, y = -3*t. Calculate the greatest common divisor of g and 130.
26
Suppose -10*c - 326 = -26. Let z = -30 - c. Let l = 26 - z. Calculate the greatest common divisor of l and 52.
26
Let i(f) be the second derivative of 8*f**3/3 + 21*f**2/2 + 137*f. Suppose -5*g + 26 = -19. Let o be i(g). Calculate the greatest common divisor of o and 15.
15
Let k(s) = -4*s**3 - 9*s**2 - 27*s - 12. Let b be k(-2). What is the greatest common factor of b and 23522?
38
Let o(p) = p**3 + 10*p**2 - 12*p - 7. Let u be o(-11). Suppose 720 = 4*b - u*w, 6*w - 16 = 2*w. Calculate the greatest common divisor of 8 and b.
8
Suppose -5*c = 4*q + 51, -5*q + 0*c + 2*c = 72. Let m be 3/6 - 21/q. Let i be 3 - m - 29*-3. What is the highest common factor of i and 11?
11
Let y = -27 - -142. Suppose -1656 = 122*x - 146*x. What is the highest common factor of y and x?
23
Suppose -5*q + 91 = -4*f, 4*q - 2*q - 3*f - 42 = 0. Let l be (25 + -22)*(-10)/1. Let n be ((-144)/q)/6*l. Calculate the highest common divisor of n and 120.
24
Suppose 674*l = 679*l + 385. Let w be 21/6*(-66)/l. Calculate the highest common divisor of 81 and w.
3
Let n(o) = -o**3 + 26*o**2 + 30*o - 79. Let s be n(27). Let m = -18 + 56. What is the highest common divisor of m and s?
2
Suppose 0 = -a + 5*a + 404. Let i = 152 + a. What is the highest common factor of i and 357?
51
Let g = -78 - -84. Let c be 15 + 9/g*-2. Let w be (34/4)/(-1 + 15/c). Calculate the greatest common factor of 17 and w.
17
Suppose -n + 7*k - 4*k = -726, -5*n = -2*k - 3617. Calculate the highest common factor of 3 and n.
3
Suppose 3*y + 5*w + 0*w = 83, 3*y - 2*w - 118 = 0. Let j = 48 - y. Suppose -360 = -0*i - j*i. What is the highest common divisor of 20 and i?
10
Let h be (-15)/(((-60)/(-8))/(-5)). Let j be -23*14/(-6) - (-15)/45. Let l = j - 52. What is the greatest common divisor of l and h?
2
Let l(c) = -88*c - 1858. Let v be l(-23). What is the greatest common divisor of v and 83?
83
Let p(b) be the first derivative of b**4/4 - 4*b**3/3 - 7*b**2 + 31*b + 80. Let u be p(6). Calculate the highest common divisor of 475 and u.
19
Suppose 1021 = 5*q + 2*d, 4*q + 146*d = 148*d + 806. Suppose 2*t + 2*t = 3*r - 13, 2*t - 4 = 0. Calculate the greatest common factor of r and q.
7
Suppose 0 = -9*b + 123 + 75. Suppose 0 = 3*x - 9 - 6, -5*z - 3*x = -2490. What is the greatest common divisor of z and b?
11
Suppose 9*d + 5*g + 126 = 10*d, -4*d + 9*g = -581. What is the highest common divisor of 23 and d?
23
Let s be 524/22 + 10/55. Suppose 2*d - s = 78. What is the highest common factor of d and 68?
17
Let j(g) = -g**3 + 51*g**2 + 48*g + 211. Let x = -460 - -512. Let w be j(x). What is the highest common divisor of 33 and w?
3
Let o = -1023 - -1271. Let f = -21 - -29. What is the greatest common divisor of o and f?
8
Suppose -407*k + 110*k = -103356. Calculate the greatest common divisor of 276 and k.
12
Let u = 81 - 66. Suppose -10*k + u*k = 740. Let s = k + -130. What is the highest common divisor of s and 27?
9
Let r(k) be the second derivative of -k**3/2 + k**2 - 148*k. Let u be r(-10). Calculate the greatest common factor of u and 2.
2
Let i be (-2)/6 + 3/36 + 417808/64. Calculate the greatest common factor of i and 102.
102
Let o be 4/34 - 3080/170. Let s(t) = 20*t + 446. Let i be s(o). Calculate the greatest common factor of i and 473.
43
Suppose 104*v - 107*v = -c - 1296, -5*c + 1766 = 4*v. What is the highest common divisor of 154 and v?
14
Suppose 3*f + 18*k = 23*k + 662, 5*f - 4*k - 1112 = 0. Calculate the highest common factor of 644 and f.
28
Let s be (7 + -8)*(7*2)/(-1). Let k(x) = 2*x - 2. Let q be k(4). Let v be 22/3 - q/18*1. What is the highest common factor of v and s?
7
Let m = 104 - 202. Let v be -54*((-66)/1